on divisor of 16 and u?
8
Let i(u) = -2*u**3 + 18*u**2 - 9*u - 42. Let v be i(8). Let m = -31 - -72. Let a = m - v. What is the highest common divisor of 108 and a?
27
Suppose 0 = -0*y + y - 3*h - 425, -y + 425 = 5*h. Let g = 67268 + -67217. What is the highest common factor of g and y?
17
Suppose -m = -5*b + 5771, 6*m - 4612 = -4*b + 8*m. What is the highest common factor of b and 945?
105
Let g(j) = -62*j + 293. Let k be g(12). Let w = 157 - k. Calculate the greatest common factor of 32 and w.
32
Suppose -b - 16 = -88. Suppose 5*c - 32 = -3*r + 187, -137 = -3*c - r. What is the highest common factor of c and b?
24
Let j(a) = 351*a**3 + 2*a**2 - 4*a + 1. Let h be j(1). Suppose 5*f - 4*b = 2272, -f - 4*b + 114 = -h. Calculate the greatest common divisor of 57 and f.
57
Suppose 5*y - y = -4, 2*n - 4*y - 30 = 0. Let p = 66619 - 66554. Calculate the highest common divisor of n and p.
13
Let u be ((-6471)/(-18) + 0)/(5/130). Calculate the greatest common divisor of 39 and u.
13
Let w be (-22)/(-110) + 48/10. Suppose 0 = 2*u - w - 77. Calculate the greatest common factor of 533 and u.
41
Suppose 209*q - 205*q = -1156. Let w = -165 - q. Suppose -4*k = k - 4*b - 143, b = k - 28. What is the greatest common factor of k and w?
31
Let g = 12738 - 12408. Calculate the greatest common divisor of 2200 and g.
110
Suppose -2*i + 10010 = -5*r, 977*r - 982*r = 4*i - 20110. Calculate the greatest common divisor of 60 and i.
20
Suppose 135 = 4*i + 119. Suppose -16 = -i*n + 3*n + 5*x, 3*x = 9. Calculate the greatest common divisor of n and 341.
31
Let z(t) = 58*t - 12. Let w be (-7)/(-7) - (-5 + 4). Let l be z(w). Calculate the highest common factor of 8 and l.
8
Suppose -34*z + 30*z + 336 = 4*i, 0 = 3*z - 5*i - 252. Suppose -3*k = 3*r + 2*r - 1059, 4*r + k = 843. What is the highest common divisor of r and z?
42
Suppose 0 = -4*f + 2*f - 5*b + 49, -71 = -3*f - 5*b. Let w be 0 - 2*(-1)/(-2). Let c be (-1)/4*-4 - w. What is the greatest common factor of c and f?
2
Let l = -31025 + 31038. Suppose 0 = 4*o - 5*i - 436, -o = -3*o - 2*i + 200. What is the greatest common divisor of l and o?
13
Suppose -9 = 10*x - 11*x. Let t = 212 - -31. What is the highest common divisor of x and t?
9
Let a(j) be the second derivative of -12*j - 35/2*j**2 + 0 - 7/6*j**3. Let r be a(-17). What is the greatest common factor of r and 21?
21
Suppose -3*n = -a + 19695, a + 37*n - 41*n = 19692. Calculate the highest common factor of 72 and a.
24
Suppose 396508 = 49*j - 48*j + 118*j. Calculate the greatest common factor of 408 and j.
68
Let c = 166 - 31. Let n(t) = -4*t + 20. Let u be n(3). Let h be (-1)/(-4) + 118/u. Calculate the highest common factor of h and c.
15
Suppose -957 - 229 = -8*j + 350. Let b = -7 - -10. Suppose h - 4*h = -2*d + 73, -b = h. What is the highest common divisor of j and d?
32
Suppose -194 = -2*i - 4*o, 0*i - 368 = -4*i - 4*o. Suppose -407 = 13*m + 152. Let r be 29/(-5)*215/m. What is the greatest common factor of i and r?
29
Suppose 2*l + 4 = 0, 302 = 4*u - 0*u + 5*l. Let j = -44 + u. Let o be 1/(1/j) + -4. Calculate the greatest common divisor of o and 18.
6
Let g(a) = -80*a**3 - 3*a**2 + 42*a + 86. Let i be g(-2). What is the greatest common divisor of i and 861?
21
Let f = 7293 + -7291. Let g be (186/15)/(2/10). Calculate the highest common factor of f and g.
2
Suppose 46512 = -43*v + 119*v. Calculate the greatest common factor of v and 132.
12
Let b be (0 - -1)/(-2 + (-7)/(-7)). Let n be (-130)/(-30)*(2 - b). Let i be ((-130)/(-4))/((-9)/(-18)). What is the greatest common factor of n and i?
13
Let w be (-4)/6*1*3. Let b be ((-14)/w)/(1/3). Let n be ((-45)/(-3))/(b/35). What is the highest common divisor of 150 and n?
25
Suppose -2*r + 2*b + 8 = 0, -8 = r - 2*r - b. Let o be (28/r - (2 - 0))*-3. Let k(m) = -5*m + 4. Let g be k(o). What is the highest common divisor of 11 and g?
11
Let t(h) = 2*h**2 + 124*h - 492. Let c be t(-78). What is the greatest common divisor of 48 and c?
12
Let k = 127 - 71. Suppose 115*o = -87*o + 1414. Calculate the greatest common divisor of o and k.
7
Suppose 2*p + 5*p - 1575 = 0. Suppose -3*r - 2*b + 6*b = -p, -3*r - 4*b + 225 = 0. Calculate the greatest common factor of r and 175.
25
Let j = 7583 + -2291. What is the greatest common factor of j and 196?
196
Let u = 79 - 41. Suppose o + 12 - 8 = 0, 2*b = -o + 4. Suppose -b*a = -2*j + u, -j + 2*a = j - 28. Calculate the greatest common divisor of 6 and j.
3
Suppose -5*c + 90 = -5*p, -13 = -2*c - 5*p + 2. Suppose 7*h = -c*h + 902. Calculate the highest common divisor of h and 164.
41
Let a = 607 + -1252. Let q = 1146 + a. Suppose 5*n - d = -4*d + 497, -5*n = -d - q. Calculate the highest common factor of n and 20.
20
Let p be 124/(-3)*(-6)/4. Let c(v) = -1068*v + 17274. Let a be c(16). Calculate the greatest common divisor of p and a.
62
Let i = 71 + -1. Let a(x) = -x**2 - 6*x + 10. Let o be a(-6). Calculate the greatest common divisor of i and o.
10
Let k = 163 + -135. Let z(f) = 6*f - 7. Let v be z(11). Suppose -108 - v = -4*i + h, 0 = 2*h - 2. What is the greatest common factor of k and i?
14
Let l be -72*5/(-20) + 62. What is the greatest common factor of l and 15880?
40
Suppose -2*p = -b - 216, -50 = -3*p + 2*b + 272. What is the highest common divisor of p and 410?
10
Let v(o) = o**3 + 6*o**2 - 4*o + 3. Let d be v(-6). Suppose -4*p + 952 = -4*f, 0 = 6*p + 3*p - 4*f - 2167. Calculate the greatest common divisor of d and p.
27
Let j(i) = -3*i**3 - 32*i**2 - 27*i + 50. Let m be j(-10). Let k = 361 + -161. What is the highest common factor of m and k?
40
Suppose 60 = 5*z - 16*u + 17*u, 39 = 4*z - u. Suppose 22*q - 2805 = -z*q. What is the greatest common divisor of q and 5?
5
Suppose -k = 2*k - 5*k. Suppose -10*q + 13*q - 12 = k. Calculate the highest common divisor of 52 and q.
4
Let x = 29 + -37. Let p be ((-1)/(-3))/(x/(-12))*66. Suppose 10*f - 7*f = 792. What is the greatest common factor of f and p?
33
Let q = -3623 - -4484. Suppose 0 = -4*v + 2*l + 86, 0 = -3*v - 4*l - 0*l + 59. Calculate the highest common factor of v and q.
21
Let u be (12 + -36)/(6/4). Let p = u - -21. Suppose -109 = -4*b + 4*t - 29, t - 106 = -p*b. Calculate the greatest common divisor of 21 and b.
21
Suppose 48*t - 55*t - 777 = 0. Let u = -94 - t. Calculate the greatest common divisor of u and 34.
17
Suppose -147 = -5*z + 103. Suppose -3*p - 24 = -6*p. Let o be p + 13/(65/60). What is the highest common factor of o and z?
10
Let d(g) = g**2 - 2*g - 2. Let x be d(-6). Suppose -x*o = -35*o - 1694. What is the highest common divisor of 28 and o?
14
Let x(a) = a**2 + 3. Let s be x(3). Let o(d) = -d**3 + 130*d**2 - 2848*d - 180. Let f be o(102). What is the highest common divisor of s and f?
12
Let c = -14157 + 14256. Calculate the greatest common divisor of 117 and c.
9
Let p be 320/5*-2*3/((-48)/8). What is the greatest common factor of 38 and p?
2
Let o = 1772 + -71. What is the highest common factor of o and 18?
9
Suppose -203 = -n - y, y + 817 = 9*n - 5*n. Calculate the highest common divisor of n and 132.
12
Let t(r) = 12*r**3 + 4*r**2 + 3*r + 6. Let a be t(-6). Let x be 2/(-8) + a/(-48). Let o = -11 + 45. Calculate the highest common divisor of x and o.
17
Let l be 218 + 1*(-2)/(-2) - 3. What is the highest common divisor of l and 960?
24
Let p be 15/(-18) + (16/8 + -36312)/(-12). Calculate the greatest common factor of p and 75.
25
Suppose -6*t - 6*t + 48 = 0. Suppose 8 = 2*p, -2*y = -t*p - 15 - 37. What is the highest common divisor of y and 2?
2
Let a = 10 - 8. Let r be (-4 - a)/(2/(-3)). Let j(q) = -18*q**3 + 5*q + 5. Let t be j(-1). What is the greatest common divisor of r and t?
9
Let g(q) be the first derivative of q**2/2 + 16*q + 2. Let a be -3 - (7 - (-4 + 5)). Let v be g(a). Calculate the greatest common divisor of v and 1.
1
Let x = 31378 + -29377. What is the highest common factor of x and 207?
69
Suppose 218 = -4*n + 9*n - 2*s, 0 = n - 3*s - 41. Suppose 28 = j - n. Calculate the highest common factor of j and 90.
18
Let f = -9 - -20. Let x(b) = -b**3 + b + 22. Suppose -33*k = -29*k. Let w be x(k). Calculate the highest common divisor of w and f.
11
Let h(a) = 131*a**2 - 3*a - 2. Let j be h(-2). Calculate the highest common divisor of 330 and j.
66
Let r = 4486 - 4462. What is the great